2)/b - 172/(-22)?
2
Suppose 4*k + 6 = -2*r, 4*r = -3*k - k. List the prime factors of ((-98)/(-8))/(k/(-600)*5).
2, 5, 7
Suppose 3*v = -r + 77021, -987*v + 990*v = -2*r + 77020. What are the prime factors of v?
2, 3, 11, 389
Suppose 371*t + 12189191 - 15489319 = 19531954. List the prime factors of t.
2, 3, 13, 263
Suppose 5*u = -5*f + 260895, 2*f - 260901 = 5*u - 10*u. What are the prime factors of u?
52181
Suppose 2*g = -3*g - 10. Suppose 2 = -2*m, -54*h = -59*h + 2*m + 637. List the prime factors of (h + -15)*(3 + g).
2, 7
Suppose 2*s - 4*i = 7*s - 181, -3*s = -3*i - 87. Let x(u) = -u**2 + 79*u - 78. List the prime factors of x(s).
2, 3, 5
Let w(p) = 2*p**2 + 13*p + 40. Let c be w(-8). Suppose 0 = -c*r + 68*r - 228. What are the prime factors of r?
3, 19
Let y(j) = 56*j - 236. List the prime factors of y(30).
2, 19
Suppose -4*t + d + 388 = 0, -4*t + 494 = t + d. Suppose -5*h + t = 28. Suppose -2*f + h = -62. List the prime factors of f.
2, 19
Let h be 28 - 34 - (0 + -82). Suppose h + 211 = 7*r. What are the prime factors of r?
41
Let j(z) = -z**3 + 18*z**2 + 93*z - 49. Let a be j(22). Let d = 299 - 76. Suppose 0 = 4*o + b - a - d, -5*b = 0. What are the prime factors of o?
71
Suppose -10*f = -2209 - 8141. Suppose -3*q + 4*l + f = 102, 3*q - 3*l - 936 = 0. What are the prime factors of q?
3, 5, 7
Suppose 37555 + 80780 = 35*t. List the prime factors of t.
3, 7, 23
Let n(r) = 2*r**3 - 198*r**2 + 147*r - 509. What are the prime factors of n(99)?
2, 3511
Let c(n) = 9*n - 45. Let h be c(9). Suppose -13*y - 13064 = -h*y. List the prime factors of y.
2, 71
Suppose 5*n + 2038 = -1022. What are the prime factors of n/(-4) + (11 - 11)?
3, 17
Suppose 77*a - 781150 = -93*a. What are the prime factors of a?
5, 919
Let u(o) = -2165*o + 1268. What are the prime factors of u(-18)?
2, 11, 31, 59
Let i(r) = 37*r**2 - 5*r - 2. Let v be i(6). Suppose -5304 = -11*y - v. Suppose 10*k - y = 6*k. What are the prime factors of k?
7, 13
Suppose 69769 = -66*z + 70*z + 5*u, 5*z = -u + 87248. List the prime factors of z.
3, 7, 277
Suppose -32*m - 5967 = -41*m. Suppose -5 = -5*k, -7*k + m = 2*o - 8*k. List the prime factors of o.
2, 83
Let m = 147 + -143. List the prime factors of -4 + 2 - (m - (599 + 2)).
5, 7, 17
Suppose 116278 = 5*q - x, 5*q - 8*x + 13*x - 116320 = 0. What are the prime factors of q?
13, 1789
Let t(b) = 41*b**2 + 2253*b - 43. List the prime factors of t(-55).
67
Let d(j) = j**2 - 5. Let i be d(-8). Suppose 0 = 9*h - 111 - 978. Suppose -6*s + h = -i. What are the prime factors of s?
2, 3, 5
Suppose 2*y - 399 = -2*d + 407, -d = -5*y - 415. Suppose -40 - 72 = -16*p. Suppose 0 = -4*z + d + p. List the prime factors of z.
103
Suppose 0 = 6*i - 11*i + 10. Suppose 0 = -i*a + 256 - 6. Let q = a - 39. What are the prime factors of q?
2, 43
Let g = 23211 - -3852. List the prime factors of g.
3, 31, 97
Let w = -51884 + 84135. What are the prime factors of w?
32251
Suppose 0 = -184*x + 16893 + 44379. List the prime factors of x.
3, 37
Suppose 0 = 3*i - 3*p - 27690, -i + 3146 = -3*p - 6070. List the prime factors of i.
3, 3079
Suppose 9*f = -8*f - 1020. Let p = -64 - f. What are the prime factors of (-1)/p - (3/(-4) - 2)?
3
Let o = 2918 + -2706. What are the prime factors of o?
2, 53
Suppose 0 = 9*c - 6*c + 6. Let b be -3 + (1 - (0 + c)). Suppose -4*l - 20 = b, 3*z + 4*l = 133 + 171. List the prime factors of z.
2, 3
Suppose -7*u + 49*u - 129486 = 0. Suppose 0 = 5*g - t - u, 10*g - 13*g + t = -1849. List the prime factors of g.
617
Suppose 0 = -180*f - 197*f + 8*f + 17755911. List the prime factors of f.
48119
Suppose -274 = 2*i - 2*f, 122 = -i - 2*f - 0*f. Suppose c - 196 = -k, -3*k + 452 = -3*c - 130. Let v = k + i. List the prime factors of v.
3, 7
Let n(w) = 21 + 6*w**2 - 2*w - 8*w**2 + w**3 - 7*w**2. Let s be n(9). Suppose 0 = -s*m + 243 - 51. List the prime factors of m.
2
Suppose 18*t = 13*t + 2085. Suppose -18*v = t - 9237. List the prime factors of v.
2, 5, 7
List the prime factors of (0 - 11 - (13 + -20)) + 3803.
29, 131
Suppose -4*d + 17 = -3. Let a be 1*(4 + -13)*-13. Suppose -2*p = -d*p + a. What are the prime factors of p?
3, 13
Let o(r) = 11*r - 2. Let t be o(-9). Let m(u) = -15*u - 48. Let p be m(-13). Let v = t + p. List the prime factors of v.
2, 23
Suppose -v = 5*a - 14280, -v - 8239 = -4*a + 3185. List the prime factors of a.
2, 3, 7, 17
Let t = 1318 + -937. Let u = 200 + t. Let n = -339 + u. List the prime factors of n.
2, 11
What are the prime factors of (-2634)/((-2 + 92/42)*(-39)/78)?
3, 7, 439
Let c(k) = -8*k - 14. Let y be c(-14). Let o be 8/14*y/28. Let t(s) = 16*s**2 + 5*s - 6. What are the prime factors of t(o)?
2, 17
Let o(t) = -63*t**3 - 3*t**2 + 366*t + 3061. List the prime factors of o(-8).
11, 2927
Let v be (0 - -55)/(2 + -1). Let p = v + -49. Let t(z) = 19*z + 3. List the prime factors of t(p).
3, 13
Suppose -2*o + 0*o - 20*o + 150942 = 0. List the prime factors of o.
3, 2287
Let i = 415 - 8. Suppose -g = -i - 49. What are the prime factors of g?
2, 3, 19
Suppose -462 = 64*t - 58*t. Let m = t - -79. What are the prime factors of (m - 1*-8)/((-3)/(-27))?
2, 3, 5
Let k(n) be the third derivative of 0 - 28*n**2 + 0*n - 2/15*n**5 + 1/8*n**4 + 1/3*n**3 + 1/120*n**6. What are the prime factors of k(8)?
2, 13
Let d(j) = -j**3 - 13*j**2 - 26*j - 138. Let f be d(-12). Let u(g) = g. Let y be u(5). List the prime factors of (6/2)/((-144)/f + y).
3, 5
Suppose -5*l + f - 803 = 0, 4*l + 634 = -16*f + 21*f. Let w = l + 1160. What are the prime factors of w?
3, 37
Let o(t) = 200*t**2 - 241*t + 1179. What are the prime factors of o(5)?
2, 3, 829
Suppose -4*b + 965 = -11011. List the prime factors of b.
2, 3, 499
Let y(p) = 4*p + 5 - 18 - 2*p. Let c be (-147)/(-7) + (-1 - 2 - 2). What are the prime factors of y(c)?
19
Let m(d) = -d**3 + 63*d**2 + 70*d + 72. List the prime factors of m(41).
2, 3, 1109
Let c(a) = 562*a**2 + 7*a - 1. Let i be c(1). Suppose -4*j = 2*g - i, -3*j = -24*g + 28*g - 436. List the prime factors of j.
2, 5, 7
Suppose -26*v + 14*v + 66912 = -0*v. What are the prime factors of v?
2, 17, 41
Suppose 4*v + 8 - 20 = 0. List the prime factors of (1569 - (v + -6))*1.
2, 3, 131
Suppose 73 = -5*l + 318. List the prime factors of 14/l - (-6786)/14.
5, 97
Let x(l) = -l**2 - 5*l + 14. Let d be x(-7). Suppose d*o = -2*o - 2*m + 1082, 3*o - 2*m - 1643 = 0. List the prime factors of o.
5, 109
Let h = 67549 + -36461. What are the prime factors of h?
2, 29, 67
Let t(j) = j**2 - 4*j - 24. Let s(z) = z + 13. Let r be s(-8). Suppose -a + 2*a - i + 1 = 0, -15 = r*a - 3*i. What are the prime factors of t(a)?
2, 3
Suppose -17*t = 15*t + 64. What are the prime factors of (1 - (2 + t))*(-1404)/(-1)?
2, 3, 13
Let u(y) = y**3 + 8*y**2 - 10*y + 5. Let b be 5*(90/(-25) + 2). Let n be u(b). Let m = n + -57. What are the prime factors of m?
2, 7
Suppose -51*g - 11100 = -57*g. Suppose 18*v - 23*v + g = 0. What are the prime factors of v?
2, 5, 37
Let g = 169 - 169. Suppose 4*h + 2*f - 1862 = g, -2*f + 927 = 2*h + 3*f. What are the prime factors of h?
2, 233
Let q(y) = -24*y + 921. Let d(p) = 24*p - 921. Let l(j) = -6*d(j) - 5*q(j). What are the prime factors of l(0)?
3, 307
Let m be 27/24*16/12*6. Suppose m*u - 2019 = 195. List the prime factors of u.
2, 3, 41
What are the prime factors of 11786 - (-2 - (-24 - -15))?
11779
Let w be 3 - 3/(21/(-14)). Let p(l) = 4*l**2 + 6*l - 12. Let n be p(9). Suppose w*c - n = -c. What are the prime factors of c?
61
Suppose -10*a + 7*a + z = -49219, 4*a = 4*z + 65644. What are the prime factors of a?
2, 3, 1367
Let w(n) be the second derivative of -5*n**3/2 + 12*n**2 + 2*n - 14. What are the prime factors of w(-7)?
3, 43
Suppose 0 = -2*u - 12*l + 11*l + 5, -u - 5*l = -7. List the prime factors of 747 + -4 + -3 - u.
2, 3, 41
What are the prime factors of (194936/(-32) + -16)/(3/4 + -1)?
11, 2221
Let x(g) = -6*g**3 + 9*g**2 + 23*g + 5. Let p(w) = 7*w**3 - 10*w**2 - 22*w - 4. Let a(m) = 5*p(m) + 6*x(m). What are the prime factors of a(-8)?
2, 277
Suppose -8*q + 28 = -q. Suppose 355 = 2*v + 5*c - 6*c, 3*c + 707 = q*v. What are the prime factors of v?
179
Suppose -109*w + 105*w + 1108 = 0. Let s = w + 176. What are the prime factors of s?
3, 151
Suppose -3011 - 10655 = -53*u + 1969. What are the prime factors of u?
5, 59
Le